1 - (1 + -9 + 44 + -28).
-9
Calculate (-28 - -12 - -32) + -18.
-2
Calculate -176 + 186 - (46 - -1).
-37
9 + (-19 - (-7 + -5)) + 5
7
What is the value of (-13 + -12 + 13 - (0 - 0)) + 1?
-11
What is -2 + (16 - -2) - 21?
-5
What is the value of 8 + (-12 - 4) + 14?
6
What is the value of -20 + -4 + 39 + 9?
24
-35 + 57 + -33 - (-12 - 0)
1
Calculate 6 + (0 - -9 - (-11 - -18)).
8
Calculate 0 - 7 - (-1596 - -1564).
25
What is (-1 - -6 - (48 + -37)) + (-43 - -67)?
18
Evaluate 16 - -4 - 9 - 0 - 0.
11
What is the value of (14 - (-4 - 0 - 0)) + 138 + -148?
8
Evaluate (-8 - 11 - -19) + -4 + 2 + 25.
23
What is the value of (1 - -1 - (133 + -125)) + -6?
-12
Calculate (-11 - (22 + -61)) + -40.
-12
What is the value of 10 + -1 - (5 + -15 - -4) - 6?
9
Calculate 10 - -9 - ((0 - (-9 - -10)) + 0).
20
What is the value of -2 + (1 - (9 + -14 + -1)) + -1?
4
Evaluate -5 + (2 - -1) - (-10 - -26 - 7).
-11
Calculate -150 + 156 + (3 - (1 + 8)).
0
What is 1 + (6 + -3 - (7 + -2) - 9)?
-10
Calculate -1 + 4 + 176 + -171.
8
What is the value of (13 - 12 - 11) + 45 - 7?
28
Calculate (7 - (-22 - -18)) + -16 + 3 + 3.
1
What is 31 + (-4 - -8) + 1 + (-5 - 0)?
31
What is -12 + 0 + -14 - -7 - 6?
-25
What is the value of -8 + (1 - 1) + (80 - 82)?
-10
(-24 - (-16 - 2)) + 0 + 3 + 17
14
What is the value of -9 + -4 + -4 + 7 + -8?
-18
What is (-7 + 12 + -8 - -9) + -11?
-5
Calculate -1 + 2 - (102 + -113).
12
Calculate 9 - (5 + (0 - -1) + -1) - -6.
10
Evaluate (0 + 5 + -2 - 6) + 2 + -3.
-4
(3 - (-2 + 10)) + 25 + -9
11
(1 - (16 - 1) - (-166 - -161)) + 46
37
Calculate (-46 - -17) + 81 + -26.
26
Calculate -199 - -230 - (19 - -5).
7
What is the value of (10 - 10 - 11) + 10 + -3?
-4
Evaluate (11 - -1) + (18 - 1) + -15.
14
0 + (7 - 1) + -109 + 118 - -3
18
Calculate -7 + 0 + -1 + 16 + -4.
4
3 + 10 + -13 + (4 - 23) + 5
-14
Calculate 32 + -2 - (43 + -39).
26
-16 + -1 + (7 - -14)
4
(9 + -10 - -4) + -2 + -4
-3
What is the value of 98 + -93 + -1 + 8?
12
Calculate -12 + (5 - -9) + -11 - -3.
-6
What is -12 + -7 + -2 + 6 - -7 - -33?
25
What is -47 - -34 - (-2 - 8)?
-3
Evaluate 3 - (-28 - -21) - (-1 + -4 + 2).
13
Calculate (2 - (28 - 7)) + 12.
-7
What is (-1 - 1) + -1 - (358 - 362)?
1
What is the value of -18 - -2 - (11 + -5 + -9)?
-13
What is the value of -7 + (-3 - -6) - (-171 - -154)?
13
Calculate -29 - (5 - (-4 - -6)) - (-80 + 79).
-31
0 + 11 + -20 + 7 + 13
11
Calculate 11 + (-17 - (1 - 16)).
9
What is the value of 13 + ((-6 - 0) + (-12 - -17) - 4)?
8
12 + (-16 - (-6 + 6))
-4
What is the value of (31 - (42 - 17)) + 14?
20
What is the value of 42 + (-27 - -24 - 5)?
34
Evaluate (-371 - -365) + (0 + -6 - (4 - 4)).
-12
What is the value of 20 + -2 + (2 - 5)?
15
Evaluate -6 + -5 + 1 + -1 + -4.
-15
Calculate 15 - (5 + 3 - (-9 - -10)).
8
What is 26 + (-26 - -2) - (-2 - -11)?
-7
What is 6 - (1 + 0 + (-10 + -44 - -31))?
28
14 - (-15 + 30 - -27)
-28
Calculate -581 + 584 + (10 - 1 - -1).
13
Calculate (-16 + 32 - -6) + -38.
-16
Evaluate (5 - 1) + 2 - (373 + -370).
3
What is (-62 - -52) + (1 - -14)?
5
What is the value of 4 - 5 - (23 - 16)?
-8
Calculate 5 + -4 - (2 - (0 + (-5 - -5))).
-1
(30 - 6) + (3 - 19)
8
What is the value of (-68 + 35 - -37) + (-1 - (-2 + 1))?
4
Calculate -7 + 6 + 2 + (11 + -6 - 11).
-5
Evaluate 0 + 6 + -9 + 9 - 10.
-4
What is -2 + 2 + 110 + -93?
17
Evaluate (-5 - (-36 + 17)) + -12.
2
Evaluate (-1 - -21) + -6 + -1 + -3 + 2.
12
Evaluate (9 - 0) + (-40 - -22).
-9
Calculate (-9 + -12 - -13) + (0 - 1).
-9
What is -8 - (-22 + (9 - -1)) - 9 - 1?
-6
-10 + -7 + (-8 - -30)
5
Calculate -13 - (-23 + (-16 - -10)).
16
Calculate 11 - (-2 - (-12 - (21 + -6))).
-14
What is (-148 - -141) + 11 + 0 + 11?
15
Evaluate (-14 + 15 + 3 - (2 - -1)) + -11.
-10
Calculate -7 + (-8 - (-4 - 1 - 8)) + 14.
12
What is the value of -5 + (7 + -2 + -6 - (2 + -3))?
-5
(1 - (-25 + 15)) + (10 - 1) + 2
22
What is the value of (-3 - -2) + (-18 - -28) - 21?
-12
0 + (1 - (9 - 7) - -8)
7
10 + 1 + (0 - 9) - (4 - 9)
7
What is the value of 7 - (17 - -20) - -5?
-25
What is 22 + 2 + -29 + 0?
-5
25 - 9 - (0 + 2 - 3)
17
Evaluate (2 - 1) + 3 + -11 + -116 + 106.
-17
10 - (-16 - -9) - 16
1
What is the value of (63 - 89) + -5 + -1 - -5?
-27
-19 - -1 - ((6 - 14) + -4)
-6
Calculate (6 - 4) + (44 - 28).
18
(-8 - -2) + -14 + 4 + 10
-6
What is 3 + 8 - (10 - -12)?
-11
What is -4 + 0 + 14 + (7 - (-4 + 13))?
8
What is (0 - 13) + -41 + (14 - -11)?
-29
Evaluate 10 + -57 + (12 - -5).
-30
-1 - (13 - (17 + -6))
-3
Evaluate 18 - (-23 + 13 + 8).
20
Evaluate -21 + 1 - (197 + -237).
20
17 + -34 + -1 + 8 + -1
-11
Calculate -3 - -5 - (7 + 8) - -21.
8
Evaluate -12 + -11 + 10 + 2.
-11
What is the value of (-1 - (5 - 0)) + (-570 - -578) + 16?
18
Evaluate 20 - (-4 + (4 - 2) + -4) - 7.
19
What is -1 + 1 + (-7 - (-9 - -6))?
-4
What is -47 - -8 - (-67 - -42)?
-14
What is -12 + (-1 - (3 + -11)) - -12?
7
Calculate (-8 + 26 - 26) + -2 + 4 + -3.
-9
Evaluate (8 - (0 - 0)) + (-27 - (1 - 12)).
-8
What is 48 - (-41 + (18 - -39))?
32
What is the value of 10 + -16 - -11 - 6?
-1
Calculate (3 - (-6 + 18)) + 12 + 1.
4
-3 + 3 - (-2 - -2) - (-2481 + 2468)
13
14 + (-10 - -6) - 0
10
What is -12 + (14 - (-2 + 20)) + 4 + -15?
-27
(7 - -1) + (14 - -13) + -15
20
What is -6 + (-15 - -10) + -1 + -2?
-14
Calculate 36 + -51 + 0 + (7 - 0).
-8
Calculate -17 - (4 - (9 + (-2 - -1))).
-13
What is 12 - ((4 - (-14 - -14)) + -8 + 1)?
15
What is -2 - (0 + (-4 - 0)) - (-4 - -4)?
2
Calculate 19 + (2 - (25 - 6)).
2
What is the value of -23 - (11 + -60 - 2)?
28
What is the value of -10 - (0 - 6) - (38 - 34)?
-8
Calculate -54 + 23 - -21 - (-1 - 1 - 23).
15
7 + (-1 - -16 - (-29 + 42))
9
What is the value of -10 - (-11 + 1 - (6 - 14) - 9)?
1
Evaluate (-14 - (-66 + 18)) + -9.
25
What is 1 - (-2 + (4 - ((-1 - -11) + -1)))?
8
Evaluate (25 - 5) + -1 + -18.
1
Calculate (9 - -4) + 3 + -6 + (-10 - -11).
11
(0 - -9) + 16 + -5
20
6 + -23 + 6 + 17 + -35 + -1
-30
What is -21 - -14 - (6 + 0 + -9)?
-4
Calculate -13 + 6 - (3 + (-3 - -1)).
-8
What is the value of 5 - (-9 + -7 - -42)?
-21
What is the value of 22 - (10 + (16 - 19))?
15
What is the value of (-9 + 6 - -2 - -2) + -12 - -2?
-9
Calculate -1 + 1 + 13 + 12 + -11.
14
Calculate -16 + (3 - -1) + -1.
-13
Evaluate 12 - (2 - 19 - -21) - (36 - 0).
-28
(-3 - 5 - (11 + -15)) + 15
11
3 - (-4 - (1 - 5)) - (-9 + 1)
11
Evaluate 9 + 32 + -18 + -5 - (0 - -2).
16
Calculate (15 + 1 - (420 + -446)) + (-11 - -2).
33
Evaluate (-11 + 2 - -9) + 16.
16
Evaluate (-10 - 11) + (18 - 7) + 26.
16
(-32 - -30) + (-1 - -10) - (-8 - -4)
11
What is -4 - (3 + -27 + 13 + 0)?
7
What is the value of -11 - (-10 + 16) - (4 - 21)?
0
What is the value of (-26 + 13 - (1 - 2)) + -6 + 6?
-12
Evaluate 15 - (23 + -1) - (5 - 0).
-12
Calculate -1 + (12 - 3) - 23 - (0 + -1).
-14
Calculate -17 + (3 - -1) - (4 + -12 - -7).
-12
What is 22 - (133 + -119 - (-2 + 16))?
22
What is the value of 32 + -13 + -14 + -15?
-10
What is the value of -39 + -3 + -24 + 46?
-20
What is the value of -7 + 8 + -9 + (-9 - 0)?
-17
What is (-8 - -15) + -47 + 17?
-23
Calculate -1 + (17 - 2) + (-382 - -390).
22
Evaluate (29 - (-14 + -1)) + -37.
7
What is the value of (-1 - 10) + (138 - 141)?
-14
(-41 - -17) + 30 - (-2 + -3)
11
What is 1 + -6 - (-218 + 214)?
-1
Calculate 7 - 13 - -18 - 19.
-7
Calculate (-28 - (-41 + 15 + 7)) + (-24 - 1).
-34
7 + -24 + 16 + -12 + -1
-14
Calculate 20 + -45 + -3 + 31.
3
Evaluate 3 + -19 + 17 + -4.
-3
Evaluate -6 - ((2 + -7 - -2) + 2 - 5).
0
What is 33 - (-1 - -20) - (0 + 2 + 0)?
12
Calculate (-12 - -40) + 1 + -1 + (-26 - -18).
20
What is the value of 0 + 2 - (6 - -10 - 13)?
-1
Evaluate (-7 - -6) + -28 - -1.
-28
What is -29 + (-36 - (-15 + -13))?
-37
Calculate 9 + 2 + 2 - (148 - 150).
15
Evaluate -1 + (-26 - (18 - 29) - (1 - 3)).
-14
What is the value of 1 + -5 + -13 + 2?
-15
What is the value of 3 - (1 + (-2 - -1)) - (8 - 0)?
-5
What is the value of 13 - ((10 - (-9 - 4)) + 10)?
-20
What is the value of 9 - -1 - (-9 + 23 + -18)?
14
What is the value of 1 + 1 - 1 - (18 - 11) - -5?
-1
Evaluate 31 + -22 - (-2 + (1 - 9)).
19
Evaluate -66 + 51 + 8 + 0 + 33.
26
What is the value of 30 + (-9 - (7 + (-6 - 3))) + 3?
26
Evaluate -1 + -7 + 1 + (-10 - -10).
-7
What is the value of -1 + (-6 + (4 - (8 - -4)) - -4)?
-11
What is the value of 9 - 7 - -4 - (3 + -5 - -20)?
-12
(-22 - -8) + 14 + -9
-9
Evaluate -9 + 0 - (-25 - (-3 - 0